{"id":2955,"date":"2022-03-06T22:16:24","date_gmt":"2022-03-06T21:16:24","guid":{"rendered":"https:\/\/synagoge-muehlhausen.de\/?page_id=2955"},"modified":"2022-03-06T22:25:19","modified_gmt":"2022-03-06T21:25:19","slug":"interview","status":"publish","type":"page","link":"https:\/\/synagoge-muehlhausen.de\/en\/interview\/","title":{"rendered":"Interview with Dr. Ludwig Spaenle"},"content":{"rendered":"<p><strong>Dr. Ludwig Spaenle about his visit to the former synagoge Muehlhausen:<\/strong><\/p>\n<p>The former synagogue Muehlhausen and the opening ceremony for our events celebrating the anniversary &#8220;321\u20132021: 1700 years of Jewish life in Germany&#8221; on 11th of July 2021 left a lasting impression. In the current issue of the journal <em>Denkmal Information Bayern<\/em> of the Bavarian State Office for Monument Protection Dr. Ludwig Spaenle, commissioner of the Bavarian state government for Jewish life and against anti-Semitism, for memory work and historical heritage, looks back on the anniversary year &#8220;1700 years of Jewish life in Germany&#8221;.<\/p>\n<p>Being asked which of the events has moved him the most, he explicitly names as an example the former Synagogue Muehlhausen. On the one hand he had not believed his eyes when he had entered the inconspicuous building through the barn door and had seen the decoration of the Prayer Room. On the other hand the Jewish prayers said by Dr. Salomon Almekias-Siegl, rabbi of the Jewish Community Bamberg, had been a goose-pimples moment.<\/p>\n<p>The relevant passage of the interview in English translation:<\/p>\n<p><strong>&#8220;Which [event] has moved you the most?<\/strong><\/p>\n<p>I could name quite a lot. But I am particularly moved by an experience in Muehlhausen near H\u00f6chstadt a. d. Aisch. There stands an inconspicuous, dilapidated house of the 18<sup>th<\/sup> century with a huge barn door broken through the fa\u00e7ade. And when you walk through it, you don\u2019t believe your eyes! Behind the door hides a huge room with stucco ornaments at the walls and ceiling fresco!<\/p>\n<p><strong>The former synagogue, which was used as warehouse after 1938.<\/strong><\/p>\n<p>Exactly. Some time ago an initiative has been founded to preserve it as a place for memory and education. I was invited there for an exhibition opening. The rabbi of Bamberg was there, too. And for the first time since 1938 a Jewish prayer was said in the building. A goose-pimples moment!&#8221;<a href=\"#_ftn1\" name=\"_ftnref1\">[1]<\/a><\/p>\n<p>These remarks about building and event confirm the importance of our memory work.<a style=\"font-size: 1rem;\" href=\"#_ftnref1\" name=\"_ftn1\"><\/a><\/p>\n<p><a style=\"font-size: 1rem;\" href=\"#_ftnref1\" name=\"_ftn1\">[1]<\/a><span style=\"font-size: 1rem;\"> Interview: <\/span><span style=\"font-size: 1rem;\">Juliane Grimm-von Wedemeyer, \u201eDas Bewusstsein f\u00fcr diese Denkm\u00e4ler \u00e4ndert sich\u201c, Interview mit Dr. Ludwig Spaenle, in: Bayerisches Landesamt f\u00fcr Denkmalpflege (Hrsg.), DI. Denkmal Information Bayern Nr. 176, 2021, S. 52\u201353; English translation by Kristina Fleischmann.<\/span><\/p>\n<p>The complete interview in German and the entire issue no. 176 of <em>Denkmal Information Bayern<\/em> can be read <a href=\"https:\/\/www.blfd.bayern.de\/mam\/information_und_service\/publikationen\/denkmalpflege_informationen_176.pdf\" target=\"_blank\" rel=\"noopener nofollow\">here<\/a>.<\/p>\n","protected":false},"excerpt":{"rendered":"<p>Dr. Ludwig Spaenle about his visit to the former synagoge Muehlhausen: The former synagogue Muehlhausen and the opening ceremony for our events celebrating the anniversary &#8220;321\u20132021: 1700 years of Jewish life in Germany&#8221; on 11th of July 2021 left a lasting impression. In the current issue of the journal Denkmal Information Bayern of the Bavarian &hellip; <\/p>\n<p class=\"link-more\"><a href=\"https:\/\/synagoge-muehlhausen.de\/en\/interview\/\" class=\"more-link\">Continue reading<span class=\"screen-reader-text\"> &#8220;Interview with Dr. Ludwig Spaenle&#8221;<\/span><\/a><\/p>\n","protected":false},"author":6,"featured_media":0,"parent":0,"menu_order":0,"comment_status":"closed","ping_status":"closed","template":"","meta":{"footnotes":""},"class_list":["post-2955","page","type-page","status-publish","hentry"],"translation":{"provider":"WPGlobus","version":"3.0.2","language":"en","enabled_languages":["de","en"],"languages":{"de":{"title":true,"content":true,"excerpt":false},"en":{"title":true,"content":true,"excerpt":false}}},"_links":{"self":[{"href":"https:\/\/synagoge-muehlhausen.de\/en\/wp-json\/wp\/v2\/pages\/2955","targetHints":{"allow":["GET"]}}],"collection":[{"href":"https:\/\/synagoge-muehlhausen.de\/en\/wp-json\/wp\/v2\/pages"}],"about":[{"href":"https:\/\/synagoge-muehlhausen.de\/en\/wp-json\/wp\/v2\/types\/page"}],"author":[{"embeddable":true,"href":"https:\/\/synagoge-muehlhausen.de\/en\/wp-json\/wp\/v2\/users\/6"}],"replies":[{"embeddable":true,"href":"https:\/\/synagoge-muehlhausen.de\/en\/wp-json\/wp\/v2\/comments?post=2955"}],"version-history":[{"count":0,"href":"https:\/\/synagoge-muehlhausen.de\/en\/wp-json\/wp\/v2\/pages\/2955\/revisions"}],"wp:attachment":[{"href":"https:\/\/synagoge-muehlhausen.de\/en\/wp-json\/wp\/v2\/media?parent=2955"}],"curies":[{"name":"wp","href":"https:\/\/api.w.org\/{rel}","templated":true}]}}

<p><strong>Dr. Ludwig Spaenle about his visit to the former synagoge Muehlhausen:</strong></p>
<p>The former synagogue Muehlhausen and the opening ceremony for our events celebrating the anniversary &#8220;321–2021: 1700 years of Jewish life in Germany&#8221; on 11th of July 2021 left a lasting impression. In the current issue of the journal <em>Denkmal Information Bayern</em> of the Bavarian State Office for Monument Protection Dr. Ludwig Spaenle, commissioner of the Bavarian state government for Jewish life and against anti-Semitism, for memory work and historical heritage, looks back on the anniversary year &#8220;1700 years of Jewish life in Germany&#8221;.</p>
<p>Being asked which of the events has moved him the most, he explicitly names as an example the former Synagogue Muehlhausen. On the one hand he had not believed his eyes when he had entered the inconspicuous building through the barn door and had seen the decoration of the Prayer Room. On the other hand the Jewish prayers said by Dr. Salomon Almekias-Siegl, rabbi of the Jewish Community Bamberg, had been a goose-pimples moment.</p>
<p>The relevant passage of the interview in English translation:</p>
<p><strong>&#8220;Which [event] has moved you the most?</strong></p>
<p>I could name quite a lot. But I am particularly moved by an experience in Muehlhausen near Höchstadt a. d. Aisch. There stands an inconspicuous, dilapidated house of the 18<sup>th</sup> century with a huge barn door broken through the façade. And when you walk through it, you don’t believe your eyes! Behind the door hides a huge room with stucco ornaments at the walls and ceiling fresco!</p>
<p><strong>The former synagogue, which was used as warehouse after 1938.</strong></p>
<p>Exactly. Some time ago an initiative has been founded to preserve it as a place for memory and education. I was invited there for an exhibition opening. The rabbi of Bamberg was there, too. And for the first time since 1938 a Jewish prayer was said in the building. A goose-pimples moment!&#8221;<a href="#_ftn1" name="_ftnref1">[1]</a></p>
<p>These remarks about building and event confirm the importance of our memory work.<a style="font-size: 1rem;" href="#_ftnref1" name="_ftn1"></a></p>
<p><a style="font-size: 1rem;" href="#_ftnref1" name="_ftn1">[1]</a><span style="font-size: 1rem;"> Interview: </span><span style="font-size: 1rem;">Juliane Grimm-von Wedemeyer, „Das Bewusstsein für diese Denkmäler ändert sich“, Interview mit Dr. Ludwig Spaenle, in: Bayerisches Landesamt für Denkmalpflege (Hrsg.), DI. Denkmal Information Bayern Nr. 176, 2021, S. 52–53; English translation by Kristina Fleischmann.</span></p>
<p>The complete interview in German and the entire issue no. 176 of <em>Denkmal Information Bayern</em> can be read <a href="https://www.blfd.bayern.de/mam/information_und_service/publikationen/denkmalpflege_informationen_176.pdf" target="_blank" rel="noopener nofollow">here</a>.</p>
